{"vid":"V1101","name":"IPM_E2","file_id":"F2","var_dcml":"0","var_intrvl":"discrete","var_width":"1","labl":"IPM Educaci\u00f3n 2: Rezago educativo","var_val_range":[{"units":null,"min":"0","max":"1"}],"var_universe":"Hogares con al menos una persona que se encuentre asistiendo a la educaci\u00f3n formal, est\u00e9 en edades entre 6 y 19 a\u00f1os y tenga dos a\u00f1os de rezago o m\u00e1s.","universe_clusion":"I","var_sumstat":[{"value":"36922","type":"vald"},{"value":"84","type":"invd"}],"var_txt":"Se consideran con privaci\u00f3n aquellos hogares con al menos una persona que se encuentre asistiendo a la educaci\u00f3n formal, est\u00e9 en edades entre 6 y 19 a\u00f1os y tenga dos a\u00f1os de rezago o m\u00e1s.","var_catgry":[{"value":"0","labl":"Sin la privaci\u00f3n","stats":"33919","type":"freq"},{"value":"1","labl":"Con la privaci\u00f3n","stats":"3003","type":"freq"},{"value":"Sysmiss","labl":null,"stats":"84","type":"freq"}],"var_format":"numeric","var_format_schema":"other","fid":"F2","sid":"165","survey_idno":"INEC-ENAHO-2016"}

IPM Educación 2: Rezago educativo

Hogares con al menos una persona que se encuentre asistiendo a la educación formal, esté en edades entre 6 y 19 años y tenga dos años de rezago o más.

Se consideran con privación aquellos hogares con al menos una persona que se encuentre asistiendo a la educación formal, esté en edades entre 6 y 19 años y tenga dos años de rezago o más.

Sin la privación

Con la privación
