{"vid":"V1112","name":"IPM_T1","file_id":"F2","var_dcml":"0","var_intrvl":"discrete","var_width":"1","labl":"IPM Trabajo 1: Desempleo de larga duraci\u00f3n y personas desalentadas","var_val_range":[{"units":null,"min":"0","max":"1"}],"var_universe":"Hogares que cumplan al menos una de las siguientes condiciones: con al menos una persona de 15 a\u00f1os o m\u00e1s que ha estado desempleada durante m\u00e1s de 12 meses y busc\u00f3 trabajo la semana anterior a la entrevista, o personas desalentadas.","universe_clusion":"I","var_sumstat":[{"value":"36922","type":"vald"},{"value":"84","type":"invd"}],"var_txt":"Se consideran con privaci\u00f3n aquellos hogares que cumplan al menos una de las siguientes condiciones: con al menos una persona de 15 a\u00f1os o m\u00e1s que ha estado desempleada durante m\u00e1s de 12 meses y busc\u00f3 trabajo la semana anterior a la entrevista, o personas desalentadas.","var_catgry":[{"value":"0","labl":"Sin la privaci\u00f3n","stats":"35100","type":"freq"},{"value":"1","labl":"Con la privaci\u00f3n","stats":"1822","type":"freq"},{"value":"Sysmiss","labl":null,"stats":"84","type":"freq"}],"var_format":"numeric","var_format_schema":"other","fid":"F2","sid":"165","survey_idno":"INEC-ENAHO-2016"}

IPM Trabajo 1: Desempleo de larga duración y personas desalentadas

Hogares que cumplan al menos una de las siguientes condiciones: con al menos una persona de 15 años o más que ha estado desempleada durante más de 12 meses y buscó trabajo la semana anterior a la entrevista, o personas desalentadas.

Se consideran con privación aquellos hogares que cumplan al menos una de las siguientes condiciones: con al menos una persona de 15 años o más que ha estado desempleada durante más de 12 meses y buscó trabajo la semana anterior a la entrevista, o personas desalentadas.

Sin la privación

Con la privación
